{"id":1579,"date":"2022-03-01T12:04:10","date_gmt":"2022-03-01T11:04:10","guid":{"rendered":"https:\/\/imghantensawt.lu\/?post_type=product&#038;p=1579"},"modified":"2024-11-15T13:54:35","modified_gmt":"2024-11-15T12:54:35","slug":"lpari-guide-de-paris-en-kabyle-et-en-francais","status":"publish","type":"product","link":"https:\/\/imghantensawt.lu\/index.php\/produit\/lpari-guide-de-paris-en-kabyle-et-en-francais\/","title":{"rendered":"Lpari, Guide de Paris en Kabyle et en Fran\u00e7ais"},"content":{"rendered":"","protected":false},"excerpt":{"rendered":"<p>D\u00e9couvrez cet autre livre \u00e9crit par l&rsquo;auteur.<br \/>\nExplorer la ville de Paris \u00e0 travers son histoire, ses quartiers et ses monuments en Kabyle et en Fran\u00e7ais.<br \/>\nD\u00e9couvrez les traces de l&rsquo;imigration kabyle qui a commenc\u00e9 il y a plus d&rsquo;un si\u00e8cle.<\/p>\n<p>Pour en savoir plus allez sur : www.lpari.fr<\/p>\n","protected":false},"featured_media":1587,"comment_status":"open","ping_status":"closed","template":"","meta":{"_kad_post_transparent":"default","_kad_post_title":"","_kad_post_layout":"default","_kad_post_sidebar_id":"","_kad_post_content_style":"default","_kad_post_vertical_padding":"default","_kad_post_feature":"","_kad_post_feature_position":"","_kad_post_header":false,"_kad_post_footer":false},"product_cat":[24],"product_tag":[],"class_list":["post-1579","product","type-product","status-publish","has-post-thumbnail","hentry","product_cat-livre","entry","content-bg","loop-entry"],"_links":{"self":[{"href":"https:\/\/imghantensawt.lu\/index.php\/wp-json\/wp\/v3\/product\/1579","targetHints":{"allow":["GET"]}}],"collection":[{"href":"https:\/\/imghantensawt.lu\/index.php\/wp-json\/wp\/v3\/product"}],"about":[{"href":"https:\/\/imghantensawt.lu\/index.php\/wp-json\/wp\/v2\/types\/product"}],"replies":[{"embeddable":true,"href":"https:\/\/imghantensawt.lu\/index.php\/wp-json\/wp\/v2\/comments?post=1579"}],"wp:featuredmedia":[{"embeddable":true,"href":"https:\/\/imghantensawt.lu\/index.php\/wp-json\/wp\/v2\/media\/1587"}],"wp:attachment":[{"href":"https:\/\/imghantensawt.lu\/index.php\/wp-json\/wp\/v2\/media?parent=1579"}],"wp:term":[{"taxonomy":"product_cat","embeddable":true,"href":"https:\/\/imghantensawt.lu\/index.php\/wp-json\/wp\/v2\/product_cat?post=1579"},{"taxonomy":"product_tag","embeddable":true,"href":"https:\/\/imghantensawt.lu\/index.php\/wp-json\/wp\/v2\/product_tag?post=1579"}],"curies":[{"name":"wp","href":"https:\/\/api.w.org\/{rel}","templated":true}]}}